git of y?
8
Suppose 0 = 15*r - 14255 - 4046 + 1231. What is the thousands digit of r?
1
Suppose -i - 26*i = 104274. Let y = -2639 - i. What is the tens digit of y?
2
What is the hundreds digit of (-68)/12 + 5 + 0 - (-29796)/9?
3
Suppose -24580 - 19007 = -9*m. What is the units digit of m?
3
Suppose u - 6 = 0, -5*t + 13768 = -3*t - 6*u. What is the hundreds digit of t?
9
Let o(i) = 11*i**2 - 11*i. Let r(l) = -l - 14. Let k be r(-10). What is the tens digit of o(k)?
2
Let w(y) = 467*y**3 + 11*y**2 + 5*y + 6. What is the tens digit of w(3)?
2
Let g be (-25128)/(-56) - 4/(-14). Suppose -g = -5*u + v + 2*v, -v - 89 = -u. Suppose -113 = -5*t + 3*n, 29 = 4*t + 5*n - u. What is the units digit of t?
5
Suppose -165*x + 248*x = 673047. What is the units digit of x?
9
Let v(p) = -79*p + 296. Let m be v(4). Let t(l) = -41*l + 209. What is the tens digit of t(m)?
2
Let h be 8/(-76) - (5 - (-33140)/(-38)). Let w = 1562 - h. What is the hundreds digit of w?
6
Let k(v) = 7*v**3 - 8*v**2 - 16*v - 349. What is the ten thousands digit of k(13)?
1
Suppose -4*z - 2*t = 210, 3*z - 8*z = 5*t + 255. Let x = -44 - z. Let i = x + 32. What is the tens digit of i?
4
Suppose 0 = 4*g - 3*d - 15, -5*g + 6 + 13 = -4*d. Suppose 2*y - 222 = -y + 4*k, g*k = 5*y - 359. Let z = y - -26. What is the tens digit of z?
9
Suppose 0 = 5*w + 82929 - 416944. What is the thousands digit of w?
6
Let c = -280 - -282. Suppose 0 = 5*f + 4*j - 1184, 4*f - 468 = c*f - 3*j. What is the hundreds digit of f?
2
Suppose -4*o - 2*p - 66 = 0, 72 - 3 = -3*o + 5*p. Let h = -14 - o. What is the tens digit of h/((-33)/(-22)*(-4)/(-99))?
6
Suppose p = 3*j + 14110 + 19846, -169800 = -5*p - 5*j. What is the thousands digit of p?
3
What is the units digit of (-497)/49 + 10 + (-142998)/(-14)?
4
Let s be ((-2 + 3)*-9)/((-5)/(-10)). What is the units digit of 15176/36 + (-8)/s?
2
Suppose 12 + 6 = z. Let b be (-160)/(-72) + (-4)/z. Suppose 3*x - 71 = -b*u, 0*u = 4*u - 3*x - 133. What is the units digit of u?
4
Let c(k) = 25*k**2 + 3*k + 2. Let x be c(3). Suppose -x = 13*o - 3135. Suppose -673 = -3*g + 4*z, -2*g + g = -2*z - o. What is the tens digit of g?
2
Suppose -17 = 4*w - 2*k + 15, 2*w + 2*k = -10. What is the thousands digit of ((41650/51)/w)/(4/(-42))?
1
Let b(j) = -j**2 - 2*j + 7. Let i be b(-3). Let l be 736/(-69)*(-6)/i. Let f(g) = 2*g + 42. What is the units digit of f(l)?
4
Let q(y) = 3*y**2 - 5*y - 55. Let p(b) = 13 + 8 - b - 20. Let v(l) = 3*p(l) + q(l). What is the hundreds digit of v(11)?
2
Suppose 1 = -o, 5*b = 9*b - 4*o - 111176. What is the thousands digit of b?
7
Let y(z) = 17*z**2 - 14*z - 17. Let d(p) = 20*p**2 - 16*p - 17. Let o(f) = -5*d(f) + 6*y(f). What is the tens digit of o(-10)?
2
Suppose 14*d = 26*d - 648. Suppose 0 = -d*y + 51*y + 2070. What is the units digit of y?
0
Suppose -3*b = n - 13 + 5, 20 = 5*b + 5*n. Let o(m) = -4 - 11*m**2 - 1 + 4 + 12*m**b. What is the units digit of o(-2)?
3
Suppose 0*k - 75 = -5*k. What is the tens digit of ((-14)/(-10) - 6/k)*71?
7
What is the units digit of 436000/45 - 1/(-9)?
9
Suppose -5*m - 21 = -121. Let c(s) = s**2 - 3*s - 7. Let a be c(5). Suppose -a*y - n = -76 + m, -2*y - n + 37 = 0. What is the tens digit of y?
1
Let u(z) = -113*z - 163. Let a be u(-32). Let i = a + -1826. What is the tens digit of i?
2
Let y(m) = -m**3 - 39*m**2 + 29*m - 123. Let a(z) = 15*z - 85. Let h be a(3). What is the tens digit of y(h)?
1
Let s(d) = 15*d + 65. Let i be s(-4). Suppose -3*q + 1388 + 563 = -i*z, -3*q - 5*z = -1991. What is the units digit of q?
7
Let u(t) = 5*t**2 - 37*t + 13. Suppose -5*m - z = -8*m - 31, -16 = 2*m - 3*z. What is the units digit of u(m)?
5
Let m = 12 + -29. Let z(f) = -9*f - 2. Let o be z(m). Let d = -91 + o. What is the tens digit of d?
6
Let y(h) be the third derivative of -5/2*h**3 + 0 + 0*h - 11/12*h**4 - 7*h**2. What is the units digit of y(-3)?
1
Suppose -5*t - 25 = 5*i, 6*i = 4*t + 3*i - 1. What is the units digit of ((-1031 - -3)/2)/t?
7
Let z(n) = n**3 + 36*n**2 + 54*n + 8. What is the thousands digit of z(-22)?
5
Let i(f) = 64*f**2 - 30*f - 101. Let o be (-4218)/1083 + (-2)/19. What is the thousands digit of i(o)?
1
Let g = 50700 - 27139. What is the hundreds digit of g?
5
Suppose 8*f - 10*f = 4*g - 32, -2*g - 8 = -3*f. Suppose f*y = 13*y - 5264. What is the units digit of y?
2
Let u(b) = -4*b + 15. Let j be u(9). Let o be (-14)/j - (-2)/(-3). Suppose 0 = -o*s + 4*s - 168. What is the units digit of s?
2
Let h(u) = -85*u - 81. Let j(c) = 21*c + 20. Let p(m) = 2*h(m) + 9*j(m). Let q be 154/30 - ((-248)/465 + 4/6). What is the tens digit of p(q)?
1
Let h = 777 - 772. What is the units digit of (-50)/30 + (290/6)/h?
8
Let x be ((-11)/(-33))/((-2)/78). Let d(c) be the second derivative of c**5/20 + 13*c**4/12 - 4*c**3/3 + 13*c**2/2 - c - 51. What is the hundreds digit of d(x)?
1
Let f(t) = -1764*t - 687. What is the ten thousands digit of f(-39)?
6
Suppose -51*o + 6 = -48*o. Let p(z) = -22 + 11 + 2*z**2 - z**o. What is the units digit of p(13)?
8
Let f(w) = 740*w - 3821. What is the tens digit of f(16)?
1
Let l = -128 + 16. Let c be l/(0 + -1 - 0). Suppose -23*g + 21*g + c = 0. What is the units digit of g?
6
Let b(l) = 10*l**2 + 25. Let h be b(6). Let g = h - 112. What is the tens digit of g?
7
Let i = 113 - 124. Let f(t) = -t + 15. What is the tens digit of f(i)?
2
Let t = -63 + 60. Let q be 93/(-155) + ((-54)/5)/t. Suppose -81 = -2*l - q*z, -l + 33 = -2*z + z. What is the units digit of l?
6
Let x be (-60)/(-5)*6/(-12). What is the hundreds digit of (2/x)/(1/(-1047))?
3
Let b(a) = 6*a**2 - 15*a - 23. Let x be b(12). Let d = x + -947. Let c = d - -403. What is the units digit of c?
7
Suppose 78*m - 2229700 = -186*m - 322036. What is the thousands digit of m?
7
Let u(q) = 7*q + 54. Let t be u(-6). Suppose 6*o - t*o + 4332 = 0. What is the tens digit of o?
2
Suppose 5809 = -23*m + 42126. Let x = -1107 + m. What is the units digit of x?
2
Let m be 8 + ((-24)/1)/8. Suppose -m*n + 16830 = 10*n. What is the units digit of n?
2
Let u(s) = s**2 + 11*s - 223. Let o(w) = -3*w**2 - 22*w + 441. Let j(i) = -4*o(i) - 9*u(i). What is the units digit of j(17)?
3
Let l be 4 - -18*35/(-10). Let h be (-1)/5 - 372/15. Let c = h - l. What is the tens digit of c?
3
Suppose 5*m - 3*j + 38 = -7*j, -5*m = -3*j + 59. Let v(a) = -72*a + 3. What is the hundreds digit of v(m)?
7
What is the thousands digit of (10353/6)/(2/(-18) - 1040/(-2880))?
6
Let v(q) = 76*q**2 - 1. Let l be v(1). Suppose l - 23 = 4*w. Let b = w + 65. What is the tens digit of b?
7
Let p(a) = a - 25. Let x be p(27). Suppose 0 = x*i + 2*g - 588, -4*g = -3*i + 947 - 65. What is the units digit of i?
4
Let j = 170 + -173. What is the units digit of -2*538/j*(-27)/(-36)?
9
Suppose 4*b - 370 + 358 = 0. Suppose -7*d = -6*d - 2*c - 1554, b*c - 1549 = -d. What is the hundreds digit of d?
5
Let n(i) = i**3 - 7*i**2 - 18*i + 10. Let p be n(9). Let m be 52/(-65) - (-68)/p. Suppose m*w = 10*w - 60. What is the units digit of w?
5
Let d(v) = -2*v - 7. Let b(k) = -k - 1. Let r(m) = 15*b(m) - 5*d(m). Let q be r(-4). What is the units digit of q - 0/(5/((-5)/2))?
0
Suppose -45129 + 3472 = -11*l + 42240. What is the hundreds digit of l?
6
Let t = 9746 + -538. What is the tens digit of t?
0
Let j(u) = -2*u**3 + 52*u**2 - 25*u - 17. Let x be j(22). Suppose 8*f - 1895 = x. What is the hundreds digit of f?
6
Let a = 4834 - 3561. What is the thousands digit of a?
1
Let s(z) = -2*z. Let d be s(-1). Suppose 0 = -39*f + 38*f + d. Suppose -p - f*p = -738. What is the hundreds digit of p?
2
Let v(y) be the second derivative of -y**6/720 + 13*y**5/120 - y**4/6 + 14*y. Let t(h) be the third derivative of v(h). What is the units digit of t(6)?
7
Let s(g) = -g**3 + 6*g**2 + 3*g - 21. Let w = 133 - 127. Let b be s(w). What is the hundreds digit of 2 - (-1079)/4 - b/(-4)?
2
Let s(q) = -148*q**3 - 9*q**2 - 80*q - 431. What is the ten thousands digit of s(-5)?
1
Let b be (24/(-32) - 2)/((-2)/8). Let v be 40/22 - 2 - (-2)/b. Suppose u + v*u - 160 = 0. What is the tens digit of u?
6
Let n(q) = q + 3 + 4 + 8 - 1. Let v be n(-9). Suppose -v*h + 319 = -31. What is the tens digit of h?
7
Let f(k) be the third derivative of 3*k**4/4 + k**3/2 - 32*k**2. Let p = -33 - -43. What is the tens digit of f(p)?
8
Let h = 27185 - 1